- 6. Suppose -z*d - 4*q + 0*q + 33 = 0, 5*d + 2*q - 29 = 0. What is the units digit of d?
5
Suppose 3*q - 12 - 54 = 0. Suppose -5*g + 5*t = -70, -2*g + 4*t = 5*t - q. What is the units digit of g?
2
Let m be (-2*3 - 0)/1. Let p(f) = f + 7. What is the units digit of p(m)?
1
Let l = -1 + 1. Suppose l = -3*z + 29 - 5. Suppose 5*b - z = j + 32, -j = -2*b + 19. What is the units digit of b?
7
Suppose -59 = -3*l - 5*h, 11 = -5*h + 1. Let f be 53/(-4) + 2/8. Let o = l + f. What is the units digit of o?
0
Suppose 2*t = -12 + 42. Let q(w) = -w**2 + 9*w + 3. Let n be q(10). Let h = n + t. What is the units digit of h?
8
Let q(z) = -z**2 + 3 - 2*z**2 + 2*z**2. What is the units digit of q(0)?
3
Suppose 9*x = 13*x - 404. What is the hundreds digit of x?
1
What is the hundreds digit of 2 + 3/(-2) - (-2230)/20?
1
Suppose -4*z + 4*p = -108, -69 = -3*z + 2*p - 5*p. Suppose -5*i + z + 5 = 0. Let g = i - -1. What is the units digit of g?
7
Let f(o) = -o**3 + 3*o + 7*o**2 - 7 + 5 - 2 - 1. What is the tens digit of f(7)?
1
Let y(r) = 2*r**2 + 6*r - 7. What is the units digit of y(-7)?
9
What is the tens digit of -3 + 4 + -6 + 115?
1
Let j(u) = u**3 - 2*u. Let d be j(2). Suppose d*m - 6*m = -22. What is the tens digit of m?
1
Let o(f) = f**3 + 9*f**2 + 7*f - 2. Let b be o(-8). Let n(k) = -k**3 + 7*k**2 - 4*k - 8. Let r be n(b). Let g = 5 - r. What is the units digit of g?
1
Let s(h) = -h**2 + 4*h - 3. Let m be s(3). Suppose m = z - 1 - 2. Suppose 2*f + z - 5 = 0. What is the units digit of f?
1
Suppose 4*q + 5*d + 8 = -1, 0 = 5*q + 2*d - 10. What is the units digit of q?
4
Let r(z) = z**3 + 6*z**2 + 3*z + 1. Let x be r(-3). Let f = -11 + x. What is the units digit of f?
8
Let t(s) be the first derivative of -s**2/2 + 8*s - 1. What is the units digit of t(6)?
2
Suppose -24 = -3*a - 5*d, 3*d - 6*d = -4*a + 3. Suppose -a*x = x - 24. Let j = x + 1. What is the units digit of j?
7
Suppose 4*v = -5*d + 50, -4*d + v - 4 = -44. Suppose 0 = 13*a - 12*a - d. What is the tens digit of a?
1
Let r(w) = 6*w + 24. What is the tens digit of r(10)?
8
Let z(q) be the second derivative of -q**3/3 + q**2/2 + 2*q. What is the units digit of z(-3)?
7
Let w be ((-5)/15)/(2/18). Let p be (-10)/(w - (-14)/6). Suppose 0 = -3*x + p + 18. What is the tens digit of x?
1
Suppose -12 = 3*c, -8*c = -3*h - 4*c + 22. Let q be h/(-4)*(-8)/(-4). Let i = 2 + q. What is the units digit of i?
1
Suppose 0 = 2*h + j - 212 - 175, -4*h + 779 = -3*j. What is the units digit of h?
4
Suppose -2*x = 3*w - 160, -x = -3*x - 5*w + 160. What is the units digit of x?
0
Let w = 1 - 0. Let b be ((-12)/(w + 2))/(-1). Suppose -b*i + 12 = -16. What is the units digit of i?
7
Suppose -u = 4 - 0, -4*u = 2*l + 24. Let j = l + 14. What is the units digit of j?
0
Let n = 88 - 53. What is the units digit of n?
5
Suppose 2*y - 1 = 5*q, -4 = 3*y - q + 14. Let v = -3 - y. What is the units digit of v?
4
Let x = 49 - 43. What is the units digit of x?
6
Let z(b) = -7*b - 1. What is the tens digit of z(-10)?
6
Let m(w) = -w**3 - 14*w**2 - w + 3. Let y be m(-14). Let t = -5 + y. What is the units digit of t?
2
Let y = -647 - -974. What is the hundreds digit of y?
3
Suppose 0 = 2*u - 4*f + 4, 2*f + 2 = 3*f. Suppose 23 = u*d + 5. What is the units digit of d?
9
Suppose 2*z + 3*z = 25. Suppose z + 15 = 2*q. What is the units digit of q?
0
Let l = 12 + -9. What is the units digit of 14/(-3)*l/(-2)?
7
Let i(v) = -10*v - 2. What is the tens digit of i(-2)?
1
Suppose -90 = -0*a + 5*a. What is the tens digit of a/(1*(-1)/1)?
1
Let u = -101 + 148. What is the units digit of u?
7
Let z be (-226)/(-7) - (-10)/(-35). Suppose -24 = -4*f + 4*y + 16, -y = 5*f - z. What is the units digit of f?
7
Let r be -3*-1*(-2 + 3). Suppose 2 = r*c - 5*c. Let j(v) = 2*v**2 + v + 1. What is the units digit of j(c)?
2
Let u = 3 + 0. Let q(n) = n**3 - 4*n**2 + 4*n. What is the units digit of q(u)?
3
Suppose 0*z + 88 = 4*z. Let u = z - 12. What is the units digit of u?
0
Let d(m) = -m**3 - 6*m**2 + 5. Let s be d(-6). Let i = -22 + 24. Suppose -2*f + 3 = 2*z - z, -z - s = -i*f. What is the units digit of f?
2
Let y(n) = 87*n + 2. Let p be y(2). Suppose -2*v + 6*v - p = 0. What is the tens digit of v?
4
Let a(h) = -h**2 + h + 6. Let n be a(0). Let b(m) be the third derivative of -m**5/60 + m**4/3 - 7*m**3/6 - m**2. What is the units digit of b(n)?
5
Let y(v) = 2*v**2 - 29*v + 36. What is the units digit of y(15)?
1
Let s(w) = -w + 10. Let o be s(0). Suppose 2*p = 5*p + 4*d + 2, o = 3*p - 2*d. What is the units digit of p?
2
Let w = -11 + 11. What is the units digit of (-11 - w)/(-3 + 2)?
1
Suppose k + 2*k + 2*n = 9, 0 = k - 2*n - 3. Suppose k*y + 8 = 62. What is the tens digit of y?
1
What is the tens digit of (-148)/(-6)*(-12)/(-8)?
3
Let y be 12/84 - 166/(-14). Let a = 22 - y. What is the tens digit of a?
1
Let d(l) = l + 6. Let h be d(-6). Suppose -6*n + 2*n + 20 = h. Let r = 17 - n. What is the units digit of r?
2
Suppose -3*i = d - 31, d = -i + 4*i + 19. What is the tens digit of d?
2
Suppose -4*g + 322 - 84 = 2*s, 0 = -3*s + g + 336. What is the tens digit of s?
1
Let i = 192 + -89. What is the units digit of i?
3
What is the units digit of ((-6)/(-7))/((-3)/(-21))?
6
Suppose 0 = -7*i + 445 + 549. What is the tens digit of i?
4
Suppose 6*y + 18 = 8*y. What is the units digit of y?
9
Let x be -4*(-3)/6 - -28. Let m = -10 + x. What is the units digit of m?
0
Let v = 47 + -10. What is the units digit of v?
7
Let z = -54 - -26. Let t = -15 - z. What is the tens digit of t?
1
Let o = 103 - -16. What is the hundreds digit of o?
1
Suppose -2*a + 4*f = -62, -a - 4*a - 5*f + 215 = 0. What is the units digit of a?
9
Suppose 0*u + 1 = 2*u + o, -3*u + 4*o = 15. Let f = u + 7. What is the units digit of f?
6
Suppose -h - 3 = -0*h. Let m = h - -2. What is the units digit of (5 - 1) + (m - -2)?
5
Let t(n) = -2*n + 1. Let a = -4 + 5. Let w be t(a). What is the units digit of 1/((-6)/9 - w)?
3
Let m be 6 + -3 + -1*1. Suppose 0 = 5*f + 6 - 1, m*f = -4*d + 18. What is the units digit of d?
5
Let p = 59 - -62. What is the units digit of p?
1
Let v(n) be the second derivative of n**3/6 - n**2/2 + 2*n. What is the units digit of v(8)?
7
Suppose 10 = 2*s + 6. Suppose 0*q = -3*q - s*k + 65, -31 = -q + 4*k. What is the units digit of q?
3
Let i(z) = 4*z + 4 - 4*z - 2*z. What is the tens digit of i(-6)?
1
Let p(o) = -o**3 - 5*o**2 - 9*o + 1. What is the units digit of p(-4)?
1
Let y = -7 + 2. Let k = y + 7. Suppose j + 4*l - 41 = -10, 43 = 3*j + k*l. What is the units digit of j?
1
Suppose 0 = -6*l + 7*l - 3. Suppose -35 = 5*k - 5*g, 2*g = l*k + 6*g. What is the units digit of k/(1 + 6/(-5))?
0
Let r = -16 + 21. Let m be 9*(8/6 - 1). Suppose -n + r*b + 7 = m*b, -3*b - 38 = -4*n. What is the tens digit of n?
1
Suppose 0 = -0*m + 3*m - 240. Suppose -3*i + m = i. What is the tens digit of i?
2
Let b be 4/(-22) + 46/11. Let u(v) = -v - b + 0*v - 3. What is the units digit of u(-8)?
1
Let s be (0 - 0)/(-2 - -3). Suppose -5*v + 20 + 40 = s. What is the units digit of v?
2
Let a(j) = j**2 - 2*j - 1. Let h be a(-1). What is the units digit of h - 1 - (-1 + -7)?
9
What is the tens digit of 16/4 + -1 - -46?
4
Let v(p) be the third derivative of p**6/120 - p**5/20 + p**4/6 - 2*p**3/3 + 7*p**2. What is the tens digit of v(4)?
2
Let y(d) be the second derivative of -d**5/10 - d**4/4 + d**3/2 - 3*d**2/2 + d. Suppose 4*p + 22 = 2*v, -v = -3*p - 5*v + 11. What is the units digit of y(p)?
5
Let j be (-2)/5 - (-104)/10. Let u be -2 + j/(4/2). Suppose -7 = -2*l + u. What is the units digit of l?
5
Let o be (-2)/(-5) + 678/30. Suppose -2*u + o = -21. What is the tens digit of u?
2
What is the units digit of (-14)/(-56)*(-1 + 5)?
1
What is the units digit of 5/((-25)/(-10)) + 118?
0
Let k be 30/(-2 + 7/2). Suppose w - 5*v - k = 0, -w + 2*v = w - 24. What is the tens digit of w?
1
Let c(z) = -z**3 + 5*z**2 + z - 2. Suppose 2*m = r + 9, 2*r - 19 = -4*m + 3*r. What is the units digit of c(m)?
3
Let f be ((-9)/(-6))/((-3)/28). Let h = 27 + f. What is the units digit of h?
3
Let n = 127 - 88. What is the units digit of n?
9
Let h(r) = 3*r**2 - 6*r - 14. What is the tens digit of h(7)?
9
Suppose 3*z - 14 = 4. Let f be (6 + 0)*(-2 + 1). What is the units digit of (f + 9)*8/z?
4
Suppose 6 = 3*g + 24. What is